be the second derivative of p**4/6 - 2*p**2 + 3*p. Suppose -2*w + 3*l = -22, w - l - 4*l - 18 = 0. Calculate the remainder when s(3) is divided by w.
6
Suppose -b - 5*u - 10 = 0, 2*u + 5 = u. What is the remainder when 59 is divided by b?
14
Suppose 7 = f - 10. What is the remainder when (-12 - -9) + f*1 is divided by 4?
2
Calculate the remainder when 44 + (-6 - -3 - 2*-2) is divided by 16.
13
Let i(x) = -x**2 - x. Let n(f) = 15*f - 8. Let s(h) = i(h) + n(h). Calculate the remainder when s(6) is divided by 850/40 - 1/4.
19
Suppose 0 = 5*s - 166 - 199. Calculate the remainder when s is divided by 32.
9
What is the remainder when -2 + 3*4 + 0 + 3 is divided by 7?
6
Let b be (4/6)/(2/(-321)). Let y = -76 - b. Calculate the remainder when y is divided by 16.
15
Let s be (105/(-2))/5*-2. Let a(b) = -18*b + 2*b - 2*b + 1 - s*b. Calculate the remainder when a(-2) is divided by 20.
19
Let c = -6 - -5. Let f(p) = 36*p**2 - p. Calculate the remainder when f(c) is divided by 19.
18
Suppose -3*b + 4*o + 154 = 0, 2*b - 252 = -2*b - 4*o. What is the remainder when b is divided by 31?
27
Suppose -9*g + 10*g = 2*f - 27, -41 = -3*f + 2*g. What is the remainder when 2/4 - (-97)/2 is divided by f?
10
What is the remainder when ((-9)/(-27))/(-1 + (-260)/(-258)) is divided by 22?
21
Suppose t = -u + 43, -5*u + 5*t + 204 = 9. Calculate the remainder when u is divided by 11.
8
Let t(p) be the first derivative of 2*p**2 - 3*p - 1. What is the remainder when t(8) is divided by 10?
9
Let u(q) = q**2 - 6*q + 6. Calculate the remainder when 9 is divided by u(6).
3
Let k = -34 + 73. What is the remainder when 38 is divided by ((-12)/(-36))/(1/k)?
12
Let s(q) = -q**2 + 5*q. Let d be s(4). Let h = d + 1. What is the remainder when 9 is divided by h?
4
Let p(z) = 2*z**2 + 5*z - 5. Calculate the remainder when 34 is divided by p(2).
8
Let n(t) = t**3 + 6*t**2 + 3*t - 6. Let d(z) = -z**3 - 4*z**2 - z + 3. Let c be d(-4). Let w = 10 - c. What is the remainder when n(-5) is divided by w?
1
Let i = 102 + -85. What is the remainder when 67 is divided by i?
16
Suppose -3*k + 3*h = -6, 3*k + 2*k - 4*h - 10 = 0. Let g(q) = 0*q + 4*q**3 + 1 + 0 - 5*q + 3*q. What is the remainder when g(1) is divided by k?
1
Let j = -70 + 107. What is the remainder when j is divided by 10?
7
Suppose -10*v - 40 + 230 = 0. What is the remainder when v is divided by 5?
4
Suppose 8*j - 184 = 4*j. Let k = -24 + j. Calculate the remainder when k is divided by 8.
6
Let t = 28 - 18. What is the remainder when 19 is divided by t?
9
Suppose -104 = -3*w - h + 134, 253 = 3*w - 2*h. Calculate the remainder when w is divided by 28.
25
Suppose -5*t - 136 = -431. Calculate the remainder when t is divided by 10.
9
Suppose -s - 3 = 0, b = 2*b + 3*s + 6. Let f(g) = g**2 - 3*g - 2. Let q be f(4). Suppose 2*a = b*a - q. Calculate the remainder when 5 is divided by a.
1
Let q be (12/(-16))/(1/(-4)). Suppose -q*p = -8 + 2. Suppose -p*m - 2*m - 259 = -5*l, 2*l + 4*m = 98. Calculate the remainder when l is divided by 13.
12
Suppose -3*m + 83 = 2*k, -4*k + m = -3*m - 156. Suppose -3*p = -5*p + k. What is the remainder when p is divided by 11?
9
Suppose 0 = -3*l + 6, -2*a + 3*l + 4 = -0. Let w be -2 - 4 - (a + -5). Calculate the remainder when (-1)/(-3) - 250/w is divided by 22.
20
Suppose -4*j - 19 = -3. What is the remainder when 744/16 + 6/j is divided by (16/(-10))/(4/(-30))?
9
Suppose -60 = 2*n - 7*n. What is the remainder when n is divided by 5?
2
Suppose 5*q = -0*q + 290. Suppose 5*x = 3*l + 2*x - 54, -6 = -l - 3*x. Calculate the remainder when q is divided by l.
13
Let n = -39 + 66. Calculate the remainder when 80 is divided by n.
26
Let v be 1 - -6*3/(-6). Let t = v - -7. What is the remainder when 19 is divided by t?
4
Suppose 0 = -0*a + a + 2. Calculate the remainder when 39 is divided by 312/30 - a/(-5).
9
Let d(q) = -2*q - 3. Let f be d(-3). Suppose s - f*s = -78. What is the remainder when s is divided by 10?
9
Let u(z) = z - z**2 + 2*z**2 + 2*z - 2*z. Calculate the remainder when 33 is divided by u(3).
9
Let p(m) = -2*m**3 - 2*m**2 - 4*m - 3. Calculate the remainder when 51 is divided by p(-2).
12
Let q(j) = j**2 + j. What is the remainder when q(4) is divided by 13?
7
Calculate the remainder when 26 is divided by ((-20)/(-12))/((-2)/(-19 + 1)).
11
Let m(q) = q**2 + 10*q - 13. Let n be m(-11). What is the remainder when 52 is divided by 74/8 - n/(-8)?
7
Suppose 4*c = d + 94 - 9, -2*c + 2*d + 44 = 0. What is the remainder when 60 is divided by c?
18
Suppose 5*n = 7*n - 24. Calculate the remainder when 44 is divided by n.
8
Let j = 51 + -34. What is the remainder when j is divided by 6?
5
Let h(f) = 26*f - 32. Let p(c) = -9*c + 11. Let b(j) = 4*h(j) + 11*p(j). What is the remainder when b(8) is divided by 17?
16
Suppose -5*c - 39 - 12 = 3*d, 4*d - 37 = 5*c. Let g = c - -65. What is the remainder when g is divided by 19?
18
Let m(h) = h**3 - 2*h**2 + h. Let k be m(1). Suppose -5*u + k*u + 9 = 3*n, 3*u + n - 7 = 0. Calculate the remainder when 6 is divided by u.
0
Let x be 2 + -4 - (0 - 2). Suppose x = -u + 4 + 13. What is the remainder when u is divided by 6?
5
Let u = -7 - -18. Calculate the remainder when u is divided by 7.
4
Suppose -57 = -3*k + 5*l - 3*l, 0 = 4*k + 4*l - 76. Calculate the remainder when k is divided by (3/(-6))/((-1)/20).
9
Let f(n) = -6*n - 2. Let z = 1079 - 1067. Calculate the remainder when f(-6) is divided by z.
10
Let j(l) = l**3 - 3*l**2 + 8*l - 11. What is the remainder when 257 is divided by j(4)?
35
Suppose -3*n = -31 - 8. Calculate the remainder when n is divided by 7.
6
Let x = -29 - -52. What is the remainder when x is divided by 13?
10
Let p be (-6)/(-4) - 4/(-8). Let l(c) = -c**2 - 8*c + 5. Calculate the remainder when l(-5) is divided by (p/(-6))/((-2)/42).
6
Suppose 1305 = -2*w - 3*w. Let y = -137 - w. Suppose 0 = -0*x + 4*x - y. Calculate the remainder when x is divided by 11.
9
Let y(q) = 2 - 1 - 4*q + q**3 + 6*q + 7*q**2. Let a be y(-6). Suppose -a = -5*m - 9*n + 4*n, -n - 23 = -3*m. Calculate the remainder when 12 is divided by m.
5
Suppose 5*u = 2*u + 75. What is the remainder when 98 is divided by u?
23
Suppose -8*z - 4*a + 46 = -3*z, -z = a - 10. Let r = -41 - -58. Calculate the remainder when r is divided by z.
5
Let l be -1*15/(-6)*6. Let p = 26 - l. Calculate the remainder when 21 is divided by p.
10
Suppose 0*c + c - 141 = 0. Suppose -7*q + c = -4*q. Calculate the remainder when q is divided by 10.
7
Suppose 27 = 3*j - 3. Suppose 0 = 4*c + 2*c - 228. Calculate the remainder when c is divided by j.
8
Suppose 0*c = -3*c + 54. Suppose -4*z - c = -2*x, 0*x + 5*x + 4*z - 73 = 0. Let s(m) = -3*m + 1. Calculate the remainder when s(-8) is divided by x.
12
What is the remainder when ((-66)/(-2))/((-45)/(-75)) is divided by 14?
13
Suppose 0 = i + 3*i - 256. Suppose -2*q = 2*q - i. What is the remainder when q is divided by 6?
4
Let w(u) = u**3 - 8*u**2 + 2*u - 7. What is the remainder when 35 is divided by w(8)?
8
Let m = 1 - -14. Suppose 2*o - 84 + 20 = 4*r, -5*r - 98 = 2*o. Let l = r + 26. Calculate the remainder when m is divided by l.
7
Suppose -d - 25 = -6*d. Suppose -2*a + 131 + 58 = -m, d*a + 2*m = 459. Suppose 2*u + a = 5*u. What is the remainder when u is divided by 16?
15
Suppose -d = d. Suppose d = -0*m - 3*m + 39. What is the remainder when 49 is divided by m?
10
Let q(i) be the first derivative of i**4/4 + 4*i**3 + 11*i**2/2 + i - 2. What is the remainder when 1 is divided by q(-11)?
0
Suppose 2*f - 49 = 21. What is the remainder when (-4)/(-14) + 165/f is divided by 3?
2
Suppose 4*v = f + 35, 3*v + 5*f - 12 = -3. Let b = v + -13. What is the remainder when 26 is divided by (-2)/b - (-86)/10?
8
Let q(x) = -x**3 + 5*x**2 - 2*x - 4. Let r be q(4). Suppose -r*d + 7*d - 198 = 0. Suppose -5*a + d = 1. What is the remainder when 49 is divided by a?
10
Let p(x) = -4*x + 1. Let k be (-7)/(-42) - 61/6. What is the remainder when p(k) is divided by 11?
8
Let o = 9 + -2. Let w = o + 39. Let x(g) = -5*g - 4. What is the remainder when w is divided by x(-4)?
14
Let f(d) = -d**3 + 9*d**2 - 7*d - 1. Calculate the remainder when 13 is divided by f(8).
6
Let g(f) = f**2 - f + 3. What is the remainder when g(-5) is divided by 12?
9
Let i = -33 + 63. Calculate the remainder when 